{"id":8,"date":"2021-03-01T00:00:08","date_gmt":"2021-02-28T23:00:08","guid":{"rendered":"http:\/\/defis.org\/?page_id=8"},"modified":"2024-10-20T23:04:37","modified_gmt":"2024-10-20T21:04:37","slug":"accueil","status":"publish","type":"page","link":"https:\/\/defis.org\/?page_id=8","title":{"rendered":"ACCUEIL"},"content":{"rendered":"\n<p><\/p>\n\n\n\n<p class=\"has-text-align-left\"><strong>&nbsp;Domaines d\u2019intervention&nbsp; :&nbsp;<\/strong><\/p>\n\n\n\n<div class=\"wp-block-columns is-layout-flex wp-container-core-columns-is-layout-1 wp-block-columns-is-layout-flex\">\n<div class=\"wp-block-column is-layout-flow wp-block-column-is-layout-flow\" style=\"flex-basis:100vw\">\n<ul>\n<li>Le d\u00e9veloppement social et communautaire ;<\/li>\n\n\n\n<li> L\u2019environnement, l\u2019\u00e9ducation, le sport ;<\/li>\n\n\n\n<li> L\u2019autonomisation des femmes et jeunes <\/li>\n\n\n\n<li> L\u2019appui aux agriculteurs ;<\/li>\n\n\n\n<li> Promouvoir la bonne gouvernance, la d\u00e9mocratie et la paix ;<\/li>\n\n\n\n<li>&nbsp;La d\u00e9fense des droits de l\u2019homme ;<\/li>\n\n\n\n<li> L\u2019assistance juridique ;<\/li>\n\n\n\n<li> Mener des projets dans les secteurs de la sant\u00e9 et de l\u2019eau ;<\/li>\n\n\n\n<li> Cr\u00e9ation d\u2019infrastructure de base en zone rurale ;<\/li>\n\n\n\n<li>&nbsp;Porter secours aux populations d\u00e9munies  <\/li>\n<\/ul>\n\n\n\n<figure class=\"wp-block-image size-full is-resized is-style-default\"><img loading=\"lazy\" decoding=\"async\" width=\"671\" height=\"658\" src=\"https:\/\/defis.org\/wp-content\/uploads\/2024\/01\/image-5.png\" alt=\"\" class=\"wp-image-3265\" style=\"width:130px;height:auto\" srcset=\"https:\/\/defis.org\/wp-content\/uploads\/2024\/01\/image-5.png 671w, https:\/\/defis.org\/wp-content\/uploads\/2024\/01\/image-5-300x294.png 300w\" sizes=\"(max-width: 671px) 100vw, 671px\" \/><\/figure>\n\n\n\n<p class=\"has-text-align-left\"><strong>La cr\u00e9ation de l\u2019ONG D.E.F.I.S<\/strong> s\u2019est faite en d\u00e9cembre 2015 lors d\u2019un voyage \u00e0 Kouakro, village situ\u00e9 au centre Est de la C\u00f4te d\u2019Ivoire dans le d\u00e9partement de M\u2019batto.<\/p>\n\n\n\n<p class=\"has-text-align-left\">Ancienne boucle du cacao, c\u2019est une zone essentiellement agricole, le paradoxe : les populations vivent dans une extr\u00eame pauvret\u00e9, pourtant ce territoire regorge de richesses.<\/p>\n\n\n\n<p class=\"has-text-align-left\">D\u00e9ficit d\u2019infrastructures, difficult\u00e9s en tout genre, je souhaite avec vous relever les d\u00e9fis de l\u2019\u00c9ducation , du d\u00e9veloppement, l\u2019autonomisation de la femme et des jeunes \u00e0 travers des actions concr\u00e8tes.<\/p>\n\n\n\n<p class=\"has-text-align-left\">J\u2019esp\u00e8re l\u2019adh\u00e9sion et la g\u00e9n\u00e9rosit\u00e9 du plus grand nombre en vue de contribuer au plein \u00e9panouissement des populations. <\/p>\n\n\n\n<div class=\"wp-block-group\"><div class=\"wp-block-group__inner-container is-layout-constrained wp-block-group-is-layout-constrained\">\n<p><strong>PRESIDENTE FONDATRICE<\/strong> <\/p>\n\n\n\n<p><strong>ABIBA COULIBALY<\/strong><\/p>\n<\/div><\/div>\n<\/div>\n<\/div>\n","protected":false},"excerpt":{"rendered":"<p>&nbsp;Domaines d\u2019intervention&nbsp; :&nbsp; La cr\u00e9ation de l\u2019ONG D.E.F.I.S s\u2019est faite en d\u00e9cembre 2015 lors d\u2019un voyage \u00e0 Kouakro, village situ\u00e9&hellip;<\/p>\n","protected":false},"author":1,"featured_media":0,"parent":0,"menu_order":1,"comment_status":"closed","ping_status":"closed","template":"","meta":{"footnotes":""},"_links":{"self":[{"href":"https:\/\/defis.org\/index.php?rest_route=\/wp\/v2\/pages\/8"}],"collection":[{"href":"https:\/\/defis.org\/index.php?rest_route=\/wp\/v2\/pages"}],"about":[{"href":"https:\/\/defis.org\/index.php?rest_route=\/wp\/v2\/types\/page"}],"author":[{"embeddable":true,"href":"https:\/\/defis.org\/index.php?rest_route=\/wp\/v2\/users\/1"}],"replies":[{"embeddable":true,"href":"https:\/\/defis.org\/index.php?rest_route=%2Fwp%2Fv2%2Fcomments&post=8"}],"version-history":[{"count":134,"href":"https:\/\/defis.org\/index.php?rest_route=\/wp\/v2\/pages\/8\/revisions"}],"predecessor-version":[{"id":3278,"href":"https:\/\/defis.org\/index.php?rest_route=\/wp\/v2\/pages\/8\/revisions\/3278"}],"wp:attachment":[{"href":"https:\/\/defis.org\/index.php?rest_route=%2Fwp%2Fv2%2Fmedia&parent=8"}],"curies":[{"name":"wp","href":"https:\/\/api.w.org\/{rel}","templated":true}]}}